{"id":1116,"date":"2018-11-06T10:34:24","date_gmt":"2018-11-06T10:34:24","guid":{"rendered":"https:\/\/the7.io\/church\/?page_id=5"},"modified":"2020-07-13T17:19:59","modified_gmt":"2020-07-13T21:19:59","slug":"home","status":"publish","type":"page","link":"https:\/\/funerariamisalvador.cl\/condolencias\/","title":{"rendered":"Home"},"content":{"rendered":"<p>[vc_row full_width=\u00bbstretch_row_content\u00bb full_height=\u00bbyes\u00bb columns_placement=\u00bbbottom\u00bb equal_height=\u00bbyes\u00bb content_placement=\u00bbmiddle\u00bb bg_type=\u00bbvideo\u00bb video_url=\u00bbhttp:\/\/funerariamisalvador.cl\/libro\/wp-content\/uploads\/2019\/07\/Pexels-Videos-1620050.mp4&#8243; video_url_2=\u00bbhttp:\/\/funerariamisalvador.cl\/libro\/wp-content\/uploads\/2019\/07\/Pexels-Videos-1620050.webm\u00bb video_opts=\u00bbloop,muted\u00bb video_poster=\u00bbid^780|url^http:\/\/funerariamisalvador.cl\/libro\/wp-content\/uploads\/2019\/07\/video-bg.jpg|caption^null|alt^null|title^video-bg|description^null\u00bb viewport_vdo=\u00bbviewport_play\u00bb bg_override=\u00bbex-full\u00bb enable_overlay=\u00bbenable_overlay_value\u00bb overlay_color=\u00bbrgba(209,132,0,0.3)\u00bb overlay_pattern=\u00bbtransperant\u00bb overlay_pattern_opacity=\u00bb10&#8243; css=\u00bb.vc_custom_1593587633301{padding-top: 0px !important;padding-bottom: 0px !important;background-color: #222123 !important;}\u00bb][vc_column css_animation=\u00bbnone\u00bb width=\u00bb1\/2&#8243; css=\u00bb.vc_custom_1593587374959{padding-top: 0px !important;padding-bottom: 50px !important;padding-left: 70px !important;background-position: center !important;background-repeat: no-repeat !important;background-size: cover !important;}\u00bb el_class=\u00bbhigher-z-index\u00bb offset=\u00bbvc_col-lg-7 vc_col-md-7 vc_col-xs-12&#8243;]<div id=\"ultimate-heading-344369f220e7541a9\" class=\"uvc-heading ult-adjust-bottom-margin ultimate-heading-344369f220e7541a9 uvc-2938 border-fix\" data-hspacer=\"no_spacer\"  data-halign=\"left\" style=\"text-align:left\"><div class=\"uvc-heading-spacer no_spacer\" style=\"top\"><\/div><div class=\"uvc-main-heading ult-responsive\"  data-ultimate-target='.uvc-heading.ultimate-heading-344369f220e7541a9 div'  data-responsive-json-new='{\"font-size\":\"desktop:86px;tablet:76px;tablet_portrait:66px;mobile_landscape:56px;\",\"line-height\":\"desktop:96px;tablet:86px;tablet_portrait:76px;mobile_landscape:66px;\"}' ><div style=\"--font-weight:theme;color:#ffffff;margin-top:0px;margin-bottom:5px;\">Libro de condolencias<\/div><\/div><\/div><div id=\"ultimate-heading-758069f220e754223\" class=\"uvc-heading ult-adjust-bottom-margin ultimate-heading-758069f220e754223 uvc-4627  uvc-heading-default-font-sizes\" data-hspacer=\"no_spacer\"  data-halign=\"left\" style=\"text-align:left\"><div class=\"uvc-heading-spacer no_spacer\" style=\"top\"><\/div><div class=\"uvc-sub-heading ult-responsive\"  data-ultimate-target='.uvc-heading.ultimate-heading-758069f220e754223 .uvc-sub-heading '  data-responsive-json-new='{\"font-size\":\"desktop:20px;mobile_landscape:18px;\",\"line-height\":\"desktop:30px;mobile_landscape:28px;\"}'  style=\"font-weight:normal;color:#ffffff;margin-bottom:40px;\">\u201cUn d\u00eda nacemos y un d\u00eda tenemos que morir, es dif\u00edcil de aceptar que una persona se va para siempre y por eso agradezco a quienes me est\u00e1n dando fuerzas en este momento de duelo\u201d<\/div><\/div><style type=\"text\/css\" data-type=\"the7_shortcodes-inline-css\">#default-btn-0aaa3707421e460dd05f94f8e1c51a88 {\n  border-radius: 1px;\n  font-size: 18px;\n  line-height: 20px;\n}\n.btn-shadow#default-btn-0aaa3707421e460dd05f94f8e1c51a88 {\n  box-shadow: 0 1px 6px rgba(0,0,0,0.12);\n  transition: box-shadow 0.2s ease-out, opacity 0.45s;\n}\n.btn-shadow#default-btn-0aaa3707421e460dd05f94f8e1c51a88:hover {\n  box-shadow: 0 5px 11px 0 rgba(0,0,0,0.18), 0 4px 15px 0 rgba(0,0,0,0.15);\n}\n.btn-flat#default-btn-0aaa3707421e460dd05f94f8e1c51a88 {\n  box-shadow: none;\n}\n.btn-flat#default-btn-0aaa3707421e460dd05f94f8e1c51a88:hover {\n  box-shadow: none;\n}\n#default-btn-0aaa3707421e460dd05f94f8e1c51a88.ico-right-side > i {\n  margin-right: 0px;\n  margin-left: 8px;\n}\n#default-btn-0aaa3707421e460dd05f94f8e1c51a88 > i {\n  margin-right: 8px;\n  font-size: 16px;\n}\n#default-btn-0aaa3707421e460dd05f94f8e1c51a88:not(:hover) {\n  border-width: 0px;\n  padding: 16px 34px 18px 34px;\n}\n#default-btn-0aaa3707421e460dd05f94f8e1c51a88:hover {\n  border-width: 0px;\n  padding: 16px 34px 18px 34px;\n}\n#default-btn-0aaa3707421e460dd05f94f8e1c51a88.ico-right-side > i {\n  margin-right: 0px;\n  margin-left: 8px;\n}\n#default-btn-0aaa3707421e460dd05f94f8e1c51a88 > i {\n  margin-right: 8px;\n}\n#default-btn-0aaa3707421e460dd05f94f8e1c51a88 * {\n  vertical-align: middle;\n}\n<\/style><a href=\"http:\/\/funerariamisalvador.cl\/condolencias\/listado-de-condolencias\/\" class=\"default-btn-shortcode dt-btn link-hover-off btn-inline-left btn-flat \" id=\"default-btn-0aaa3707421e460dd05f94f8e1c51a88\" title=\"Listado de condolencias\"><i class=\"fas fa-book\"><\/i><span>Accede a tu libro de condolencias<\/span><\/a>[\/vc_column][\/vc_row]<\/p>\n","protected":false},"excerpt":{"rendered":"<p>[vc_row full_width=\u00bbstretch_row_content\u00bb full_height=\u00bbyes\u00bb columns_placement=\u00bbbottom\u00bb equal_height=\u00bbyes\u00bb content_placement=\u00bbmiddle\u00bb bg_type=\u00bbvideo\u00bb video_url=\u00bbhttp:\/\/funerariamisalvador.cl\/libro\/wp-content\/uploads\/2019\/07\/Pexels-Videos-1620050.mp4&#8243; video_url_2=\u00bbhttp:\/\/funerariamisalvador.cl\/libro\/wp-content\/uploads\/2019\/07\/Pexels-Videos-1620050.webm\u00bb video_opts=\u00bbloop,muted\u00bb video_poster=\u00bbid^780|url^http:\/\/funerariamisalvador.cl\/libro\/wp-content\/uploads\/2019\/07\/video-bg.jpg|caption^null|alt^null|title^video-bg|description^null\u00bb viewport_vdo=\u00bbviewport_play\u00bb bg_override=\u00bbex-full\u00bb enable_overlay=\u00bbenable_overlay_value\u00bb overlay_color=\u00bbrgba(209,132,0,0.3)\u00bb overlay_pattern=\u00bbtransperant\u00bb overlay_pattern_opacity=\u00bb10&#8243; css=\u00bb.vc_custom_1593587633301{padding-top: 0px !important;padding-bottom: 0px !important;background-color: #222123 !important;}\u00bb][vc_column css_animation=\u00bbnone\u00bb width=\u00bb1\/2&#8243; css=\u00bb.vc_custom_1593587374959{padding-top: 0px !important;padding-bottom: 50px !important;padding-left: 70px !important;background-position: center !important;background-repeat: no-repeat !important;background-size: cover !important;}\u00bb el_class=\u00bbhigher-z-index\u00bb offset=\u00bbvc_col-lg-7 vc_col-md-7 vc_col-xs-12&#8243;][\/vc_column][\/vc_row]<\/p>\n","protected":false},"author":1,"featured_media":0,"parent":0,"menu_order":0,"comment_status":"closed","ping_status":"closed","template":"template-microsite.php","meta":[],"_links":{"self":[{"href":"https:\/\/funerariamisalvador.cl\/condolencias\/wp-json\/wp\/v2\/pages\/1116"}],"collection":[{"href":"https:\/\/funerariamisalvador.cl\/condolencias\/wp-json\/wp\/v2\/pages"}],"about":[{"href":"https:\/\/funerariamisalvador.cl\/condolencias\/wp-json\/wp\/v2\/types\/page"}],"author":[{"embeddable":true,"href":"https:\/\/funerariamisalvador.cl\/condolencias\/wp-json\/wp\/v2\/users\/1"}],"replies":[{"embeddable":true,"href":"https:\/\/funerariamisalvador.cl\/condolencias\/wp-json\/wp\/v2\/comments?post=1116"}],"version-history":[{"count":30,"href":"https:\/\/funerariamisalvador.cl\/condolencias\/wp-json\/wp\/v2\/pages\/1116\/revisions"}],"predecessor-version":[{"id":1287,"href":"https:\/\/funerariamisalvador.cl\/condolencias\/wp-json\/wp\/v2\/pages\/1116\/revisions\/1287"}],"wp:attachment":[{"href":"https:\/\/funerariamisalvador.cl\/condolencias\/wp-json\/wp\/v2\/media?parent=1116"}],"curies":[{"name":"wp","href":"https:\/\/api.w.org\/{rel}","templated":true}]}}

<p>[vc_row full_width=»stretch_row_content» full_height=»yes» columns_placement=»bottom» equal_height=»yes» content_placement=»middle» bg_type=»video» video_url=»http://funerariamisalvador.cl/libro/wp-content/uploads/2019/07/Pexels-Videos-1620050.mp4&#8243; video_url_2=»http://funerariamisalvador.cl/libro/wp-content/uploads/2019/07/Pexels-Videos-1620050.webm» video_opts=»loop,muted» video_poster=»id^780|url^http://funerariamisalvador.cl/libro/wp-content/uploads/2019/07/video-bg.jpg|caption^null|alt^null|title^video-bg|description^null» viewport_vdo=»viewport_play» bg_override=»ex-full» enable_overlay=»enable_overlay_value» overlay_color=»rgba(209,132,0,0.3)» overlay_pattern=»transperant» overlay_pattern_opacity=»10&#8243; css=».vc_custom_1593587633301{padding-top: 0px !important;padding-bottom: 0px !important;background-color: #222123 !important;}»][vc_column css_animation=»none» width=»1/2&#8243; css=».vc_custom_1593587374959{padding-top: 0px !important;padding-bottom: 50px !important;padding-left: 70px !important;background-position: center !important;background-repeat: no-repeat !important;background-size: cover !important;}» el_class=»higher-z-index» offset=»vc_col-lg-7 vc_col-md-7 vc_col-xs-12&#8243;]<div id="ultimate-heading-344369f220e7541a9" class="uvc-heading ult-adjust-bottom-margin ultimate-heading-344369f220e7541a9 uvc-2938 border-fix" data-hspacer="no_spacer"  data-halign="left" style="text-align:left"><div class="uvc-heading-spacer no_spacer" style="top"></div><div class="uvc-main-heading ult-responsive"  data-ultimate-target='.uvc-heading.ultimate-heading-344369f220e7541a9 div'  data-responsive-json-new='{"font-size":"desktop:86px;tablet:76px;tablet_portrait:66px;mobile_landscape:56px;","line-height":"desktop:96px;tablet:86px;tablet_portrait:76px;mobile_landscape:66px;"}' ><div style="--font-weight:theme;color:#ffffff;margin-top:0px;margin-bottom:5px;">Libro de condolencias</div></div></div><div id="ultimate-heading-758069f220e754223" class="uvc-heading ult-adjust-bottom-margin ultimate-heading-758069f220e754223 uvc-4627  uvc-heading-default-font-sizes" data-hspacer="no_spacer"  data-halign="left" style="text-align:left"><div class="uvc-heading-spacer no_spacer" style="top"></div><div class="uvc-sub-heading ult-responsive"  data-ultimate-target='.uvc-heading.ultimate-heading-758069f220e754223 .uvc-sub-heading '  data-responsive-json-new='{"font-size":"desktop:20px;mobile_landscape:18px;","line-height":"desktop:30px;mobile_landscape:28px;"}'  style="font-weight:normal;color:#ffffff;margin-bottom:40px;">“Un día nacemos y un día tenemos que morir, es difícil de aceptar que una persona se va para siempre y por eso agradezco a quienes me están dando fuerzas en este momento de duelo”</div></div><style type="text/css" data-type="the7_shortcodes-inline-css">#default-btn-0aaa3707421e460dd05f94f8e1c51a88 {
  border-radius: 1px;
  font-size: 18px;
  line-height: 20px;
}
.btn-shadow#default-btn-0aaa3707421e460dd05f94f8e1c51a88 {
  box-shadow: 0 1px 6px rgba(0,0,0,0.12);
  transition: box-shadow 0.2s ease-out, opacity 0.45s;
}
.btn-shadow#default-btn-0aaa3707421e460dd05f94f8e1c51a88:hover {
  box-shadow: 0 5px 11px 0 rgba(0,0,0,0.18), 0 4px 15px 0 rgba(0,0,0,0.15);
}
.btn-flat#default-btn-0aaa3707421e460dd05f94f8e1c51a88 {
  box-shadow: none;
}
.btn-flat#default-btn-0aaa3707421e460dd05f94f8e1c51a88:hover {
  box-shadow: none;
}
#default-btn-0aaa3707421e460dd05f94f8e1c51a88.ico-right-side > i {
  margin-right: 0px;
  margin-left: 8px;
}
#default-btn-0aaa3707421e460dd05f94f8e1c51a88 > i {
  margin-right: 8px;
  font-size: 16px;
}
#default-btn-0aaa3707421e460dd05f94f8e1c51a88:not(:hover) {
  border-width: 0px;
  padding: 16px 34px 18px 34px;
}
#default-btn-0aaa3707421e460dd05f94f8e1c51a88:hover {
  border-width: 0px;
  padding: 16px 34px 18px 34px;
}
#default-btn-0aaa3707421e460dd05f94f8e1c51a88.ico-right-side > i {
  margin-right: 0px;
  margin-left: 8px;
}
#default-btn-0aaa3707421e460dd05f94f8e1c51a88 > i {
  margin-right: 8px;
}
#default-btn-0aaa3707421e460dd05f94f8e1c51a88 * {
  vertical-align: middle;
}
</style><a href="http://funerariamisalvador.cl/condolencias/listado-de-condolencias/" class="default-btn-shortcode dt-btn link-hover-off btn-inline-left btn-flat " id="default-btn-0aaa3707421e460dd05f94f8e1c51a88" title="Listado de condolencias"><i class="fas fa-book"></i><span>Accede a tu libro de condolencias</span></a>[/vc_column][/vc_row]</p>
